se 6, what is -4 + 32315300?
32315252
In base 11, what is 149a4 - 49?
14956
In base 6, what is 532224000 + 22?
532224022
In base 3, what is 20021211112 - -1202120?
20100121002
In base 13, what is 48 - -24b3b8?
24b433
In base 11, what is -283 + 426a1?
42419
In base 2, what is -10111001100111 + -100000110?
-10111101101101
In base 2, what is 111000011011110110011 + 10110?
111000011011111001001
In base 5, what is -3 - 1043403131020?
-1043403131023
In base 2, what is -1101 - 10101110001011101110010001?
-10101110001011101110011110
In base 5, what is -10414330 + -12?
-10414342
In base 10, what is -1556 - -50073?
48517
In base 16, what is 71 - 47e7?
-4776
In base 13, what is -1a029c8a - 2?
-1a029c8c
In base 10, what is 428766 - -2?
428768
In base 13, what is -745 + 21c042?
21b5ca
In base 13, what is -b4 - -255915?
255831
In base 5, what is 0 - 331134311?
-331134311
In base 13, what is 5667791 + 9?
566779a
In base 3, what is -10 - -222122011120201?
222122011120121
In base 6, what is 132311420 - -43?
132311503
In base 8, what is 2 - -4575453?
4575455
In base 2, what is 10010010101100000111111 + 1000?
10010010101100001000111
In base 3, what is -122202020111 + -11210212?
-122221001100
In base 2, what is -1 - -11111011000101100110110?
11111011000101100110101
In base 14, what is 0 + 1892911?
1892911
In base 3, what is 110012112 + -112002020?
-1212201
In base 3, what is -12120010120 - -202010?
-12112101110
In base 11, what is 23 - 94a8197?
-94a8174
In base 3, what is 10 + -210111212211120121?
-210111212211120111
In base 4, what is -231110213102 + 0?
-231110213102
In base 13, what is 1b73aa0 + 3?
1b73aa3
In base 2, what is -1100000101010101011101010 - 10?
-1100000101010101011101100
In base 15, what is 5c3 + 84c6?
8a99
In base 11, what is -1428 + 73936?
72509
In base 6, what is -5 + -20333354001?
-20333354010
In base 6, what is 2014350155 - -4?
2014350203
In base 14, what is -b516a15 + 0?
-b516a15
In base 12, what is -3 - 80299a3?
-80299a6
In base 3, what is -12 + -1002120111220002?
-1002120111220021
In base 6, what is 0 + 254532215?
254532215
In base 11, what is -16743 - 8291?
-23a24
In base 10, what is -75 + -78108?
-78183
In base 2, what is 1110001 + 1110000111001110?
1110001000111111
In base 6, what is -2253 + 525211?
522514
In base 4, what is 213301231311 - 1?
213301231310
In base 13, what is 2a822 - -9?
2a82b
In base 14, what is -2cc2 - -9bd?
-2303
In base 14, what is -1a - 401398?
-4013b4
In base 15, what is -1 + 836a0b?
836a0a
In base 10, what is -48 - -11166?
11118
In base 14, what is -590020b - -7?
-5900204
In base 5, what is -20 + -14412433?
-14413003
In base 5, what is 103040221 - -34?
103040310
In base 16, what is 1c32a - 29ea?
19940
In base 7, what is -5 - -1326343451?
1326343443
In base 11, what is -106a6355 + -2?
-106a6357
In base 3, what is 12200212111211200 - 10?
12200212111211120
In base 5, what is -134 - -242024120?
242023431
In base 10, what is -30086293 - -5?
-30086288
In base 2, what is 10000001011010101001101010 + -1?
10000001011010101001101001
In base 16, what is -a + e3890?
e3886
In base 15, what is 1092b1c - 3d?
1092ace
In base 10, what is 75957 + 234?
76191
In base 7, what is -25 + 2510541?
2510513
In base 8, what is 616 - -7511?
10327
In base 13, what is 5a5c4 - -63?
5a657
In base 14, what is -1d4 - 6cc?
-8c2
In base 15, what is -512 - 128cb?
-12ddd
In base 7, what is -26345415 + -122?
-26345540
In base 4, what is 1011332 + -31013?
320313
In base 5, what is 4333100324 + 31?
4333100410
In base 4, what is -1010 - -2011123301?
2011122231
In base 5, what is 1023110433232 - 1?
1023110433231
In base 10, what is 93227612 + 0?
93227612
In base 6, what is -32004203 - -20?
-32004143
In base 9, what is 5361032 + 38?
5361071
In base 5, what is -41402030112 + 2?
-41402030110
In base 15, what is -2 + -5e890?
-5e892
In base 9, what is 1 + -626430?
-626428
In base 10, what is -49322834 - -1?
-49322833
In base 7, what is 613063605 + -4?
613063601
In base 7, what is -100 - -145665231?
145665131
In base 3, what is 222012 + 1022211110?
1100210122
In base 6, what is -134 - -1454402?
1454224
In base 12, what is 1186133 + -1?
1186132
In base 6, what is 2 + -15012242103?
-15012242101
In base 6, what is -131500435 + 111?
-131500324
In base 7, what is 16 + 2343144?
2343163
In base 11, what is 286752 - 208?
286545
In base 9, what is -335 - -384541?
384205
In base 10, what is -23 - 369522?
-369545
In base 7, what is 3 - -66124140?
66124143
In base 2, what is -100110110100101000000 + 1011110?
-100110110100011100010
In base 16, what is 5d - b34a7?
-b344a
In base 14, what is -114 + 1a0b4?
19da0
In base 13, what is 0 + 440588?
440588
In base 8, what is 10340 - -7217?
17557
In base 7, what is -110155526 - 32?
-110155561
In base 4, what is -2020323232 - 3?
-2020323301
In base 5, what is -42 + -2410343043?
-2410343140
In base 8, what is 6373 - 20422?
-12027
In base 15, what is -1c - 2da4a78?
-2da4a95
In base 6, what is 243011 + -2211?
240400
In base 4, what is 303032300210 + 11?
303032300221
In base 7, what is 2 + 1502306?
1502311
In base 4, what is 11023 + -2001132?
-1330103
In base 4, what is -1332103001 + 2?
-1332102333
In base 7, what is -1205224413 - -4?
-1205224406
In base 7, what is -55604 + 401?
-55203
In base 12, what is 21 + 5506a5b?
5506a80
In base 6, what is 5 + -1021355130?
-1021355121
In base 9, what is -1333714 - -30?
-1333674
In base 7, what is 566316 - -33?
566352
In base 9, what is 555 + -57033?
-56367
In base 7, what is 51111 + 156?
51300
In base 13, what is -32a5cc - 37?
-32a636
In base 10, what is -37553902 - -5?
-37553897
In base 16, what is a + 59cf?
59d9
In base 2, what is 110111011111000 + -1000?
110111011110000
In base 2, what is -11 - 1110011100110101010111111101?
-1110011100110101011000000000
In base 13, what is -6176ab - 19?
-6176c7
In base 2, what is 0 + -101100100010011010?
-101100100010011010
In base 3, what is -12 - -22220122010212?
22220122010200
In base 2, what is -1011 - 1101000000011011100?
-1101000000011100111
In base 14, what is 44 + 2263?
22a7
In base 16, what is 34 + -2872?
-283e
In base 6, what is 120220340233 + 2?
120220340235
In base 9, what is -114576037 - -2?
-114576035
In base 15, what is -7ec9 - 4b?
-8025
In base 6, what is 5203205441 - 3?
5203205434
In base 8, what is -5 - 36007411?
-36007416
In base 11, what is 295131 + 600?
295731
In base 6, what is 21 - -41251302?
41251323
In base 14, what is 1bd8c64 - 3?
1bd8c61
In base 14, what is -22 + 122013?
121dd1
In base 9, what is 876101 + 41?
876142
In base 15, what is ed9d + -59?
ed44
In base 4, what is 121001100211 + -10?
121001100201
In base 11, what is -19185 - 1522?
-1a6a7
In base 15, what is -1 + 137886a7?
137886a6
In base 13, what is -1a099b7a - 0?
-1a099b7a
In base 4, what is 13202 + 11001210?
11021012
In base 16, what is -2970f3 - 5?
-2970f8
In base 7, what is -24111340 + -62?
-24111432
In base 11, what is 9 - -1733221?
173322a
In base 6, what is -34224 - 241211?
-315435
In base 4, what is -133132 + 21002?
-112130
In base 13, what is 91397 - 104?
91293
In base 6, what is 5 - 102244112?
-102244103
In base 16, what is -a9810 + -20?
-a9830
In base 8, what is -2300776 + -53?
-2301051
In base 15, what is 2 + 4940bcd?
4940bd0
In base 6, what is -13342451 - -154?
-13342253
In base 13, what is 1aa21 + -187?
1a867
In base 16, what is 37b + -53e2?
-5067
In base 2, what is 1001011001001000111001011 - -11?
1001011001001000111001110
In base 15, what is 30 + a1e664?
a1e694
In base 7, what is 120563103 - -4?
120563110
In base 10, what is 5 - -27738232?
27738237
In base 8, what is -1537303 - 5?
-1537310
In base 5, what is 14101400 - 214?
14101131
In base 16, what is 20ee7afa - 0?
20ee7afa
In base 13, what is -187c4a + 6b?
-187bac
In base 11, what is 81 + -26184?
-26103
In base 5, what is 1320244 - 403041?
412203
In base 4, what is 1333222202 - -11?
1333222213
In base 9, what is -1 - 406666325?
-406666326
In base 2, what is -1001111011 + -100010100101010110101?
-100010100110100110000
In base 3, what is 100210200 - 210022?
100000101
In base 14, what is 15 + -47827ac?
-4782797
In base 8, what is 2 - 174614746?
-174614744
In base 9, what is -13285875 + 60?
-13285815
In base 5, what is -10011240 - -31311?
-4424424
In base 6, what is -112511 + 32204?
-40303
In base 6, what is 1134